{"id":190,"date":"2024-04-22T21:36:56","date_gmt":"2024-04-22T19:36:56","guid":{"rendered":"https:\/\/htagwada.com\/?page_id=190"},"modified":"2024-04-23T15:15:37","modified_gmt":"2024-04-23T13:15:37","slug":"le-dmpi","status":"publish","type":"page","link":"https:\/\/htagwada.com\/index.php\/le-dmpi\/","title":{"rendered":"Le DMPI"},"content":{"rendered":"\t\t<div data-elementor-type=\"wp-page\" data-elementor-id=\"190\" class=\"elementor elementor-190\">\n\t\t\t\t<div class=\"elementor-element elementor-element-38b95d6 e-flex e-con-boxed e-con e-parent\" data-id=\"38b95d6\" data-element_type=\"container\">\n\t\t\t\t\t<div class=\"e-con-inner\">\n\t\t\t\t<div class=\"elementor-element elementor-element-bea44f3 elementor-widget elementor-widget-heading\" data-id=\"bea44f3\" data-element_type=\"widget\" data-widget_type=\"heading.default\">\n\t\t\t\t<div class=\"elementor-widget-container\">\n\t\t\t<h1 class=\"elementor-heading-title elementor-size-default\">Le Dossier M\u00e9dical Partag\u00e9 Informatis\u00e9<\/h1>\t\t<\/div>\n\t\t\t\t<\/div>\n\t\t\t\t<div class=\"elementor-element elementor-element-2ce4ea8 elementor-widget elementor-widget-text-editor\" data-id=\"2ce4ea8\" data-element_type=\"widget\" data-widget_type=\"text-editor.default\">\n\t\t\t\t<div class=\"elementor-widget-container\">\n\t\t\t\t\t\t\t<p>Le R\u00e9seau a contribu\u00e9 \u00e0 am\u00e9liorer l&rsquo;information et la communication entre les professionnels de sant\u00e9 autour des patients avec la mise en place effective du<br \/>Dossier M\u00e9dical Partag\u00e9 Informatis\u00e9 (DMPI)<br \/>dans un contexte d&rsquo;annonce par le ministre de la sant\u00e9 de doter chaque fran\u00e7ais d&rsquo;un dossier m\u00e9dical partag\u00e9 d&rsquo;ici 2007.<\/p>\t\t\t\t\t\t<\/div>\n\t\t\t\t<\/div>\n\t\t\t\t<div class=\"elementor-element elementor-element-686419a elementor-widget elementor-widget-image\" data-id=\"686419a\" data-element_type=\"widget\" data-widget_type=\"image.default\">\n\t\t\t\t<div class=\"elementor-widget-container\">\n\t\t\t\t\t\t\t\t\t\t\t\t\t<img fetchpriority=\"high\" decoding=\"async\" width=\"400\" height=\"270\" src=\"https:\/\/htagwada.com\/wp-content\/uploads\/2024\/04\/Dossier-Medical-Partage.jpg\" class=\"attachment-full size-full wp-image-510\" alt=\"\" srcset=\"https:\/\/htagwada.com\/wp-content\/uploads\/2024\/04\/Dossier-Medical-Partage.jpg 400w, https:\/\/htagwada.com\/wp-content\/uploads\/2024\/04\/Dossier-Medical-Partage-300x203.jpg 300w\" sizes=\"(max-width: 400px) 100vw, 400px\" \/>\t\t\t\t\t\t\t\t\t\t\t\t\t<\/div>\n\t\t\t\t<\/div>\n\t\t<div class=\"elementor-element elementor-element-48c0c87 e-grid e-con-boxed e-con e-child\" data-id=\"48c0c87\" data-element_type=\"container\">\n\t\t\t\t\t<div class=\"e-con-inner\">\n\t\t<div class=\"elementor-element elementor-element-bdb4382 e-flex e-con-boxed e-con e-child\" data-id=\"bdb4382\" data-element_type=\"container\">\n\t\t\t\t\t<div class=\"e-con-inner\">\n\t\t\t\t<div class=\"elementor-element elementor-element-b25fa8e elementor-widget elementor-widget-heading\" data-id=\"b25fa8e\" data-element_type=\"widget\" data-widget_type=\"heading.default\">\n\t\t\t\t<div class=\"elementor-widget-container\">\n\t\t\t<h3 class=\"elementor-heading-title elementor-size-default\">Acc\u00e8s simplifi\u00e9<\/h3>\t\t<\/div>\n\t\t\t\t<\/div>\n\t\t\t\t<div class=\"elementor-element elementor-element-89a7df5 elementor-widget elementor-widget-text-editor\" data-id=\"89a7df5\" data-element_type=\"widget\" data-widget_type=\"text-editor.default\">\n\t\t\t\t<div class=\"elementor-widget-container\">\n\t\t\t\t\t\t\t<p>Une derni\u00e8re actualisation le rend encore plus convivial et il n&rsquo;est plus n\u00e9cessaire d&rsquo;avoir un logiciel compatible : avec une simple ligne Internet, on se connecte au site htagwad.com, puis sur le D.M.P.I muni de son identifiant et de son mot de passe ou de sa carte CPS.<\/p><p>Pour faciliter la consultation d&rsquo;inclusion, le R\u00e9seau met \u00e0 la disposition des m\u00e9decins le livret du patient et une fiche \u00a0\u00bbD.M.P.I : Observations papier\u00a0\u00bb permettant une saisie en diff\u00e9r\u00e9 du dossier patient.<\/p>\t\t\t\t\t\t<\/div>\n\t\t\t\t<\/div>\n\t\t\t\t\t<\/div>\n\t\t\t\t<\/div>\n\t\t<div class=\"elementor-element elementor-element-8ea8641 e-flex e-con-boxed e-con e-child\" data-id=\"8ea8641\" data-element_type=\"container\">\n\t\t\t\t\t<div class=\"e-con-inner\">\n\t\t\t\t<div class=\"elementor-element elementor-element-b597066 elementor-align-center elementor-widget__width-inherit elementor-widget elementor-widget-button\" data-id=\"b597066\" data-element_type=\"widget\" data-widget_type=\"button.default\">\n\t\t\t\t<div class=\"elementor-widget-container\">\n\t\t\t\t\t<div class=\"elementor-button-wrapper\">\n\t\t\t<a class=\"elementor-button elementor-button-link elementor-size-sm\" href=\"#\" target=\"_blank\" download=\"livret-papier.pdf\">\n\t\t\t\t\t\t<span class=\"elementor-button-content-wrapper\">\n\t\t\t\t\t\t\t\t\t<span class=\"elementor-button-text\">T\u00e9l\u00e9charger le \"Livret d'information Patient\"<\/span>\n\t\t\t\t\t<\/span>\n\t\t\t\t\t<\/a>\n\t\t<\/div>\n\t\t\t\t<\/div>\n\t\t\t\t<\/div>\n\t\t\t\t<div class=\"elementor-element elementor-element-6f1d83b elementor-align-center elementor-widget__width-inherit elementor-widget elementor-widget-button\" data-id=\"6f1d83b\" data-element_type=\"widget\" data-widget_type=\"button.default\">\n\t\t\t\t<div class=\"elementor-widget-container\">\n\t\t\t\t\t<div class=\"elementor-button-wrapper\">\n\t\t\t<a class=\"elementor-button elementor-button-link elementor-size-sm\" href=\"#\" target=\"_blank\" download=\"DMP.pdf\">\n\t\t\t\t\t\t<span class=\"elementor-button-content-wrapper\">\n\t\t\t\t\t\t\t\t\t<span class=\"elementor-button-text\">T\u00e9l\u00e9charger le \"Formulaire des observations DMPI\"<\/span>\n\t\t\t\t\t<\/span>\n\t\t\t\t\t<\/a>\n\t\t<\/div>\n\t\t\t\t<\/div>\n\t\t\t\t<\/div>\n\t\t\t\t\t<\/div>\n\t\t\t\t<\/div>\n\t\t\t\t\t<\/div>\n\t\t\t\t<\/div>\n\t\t\t\t<div class=\"elementor-element elementor-element-59224e9 elementor-widget elementor-widget-heading\" data-id=\"59224e9\" data-element_type=\"widget\" data-widget_type=\"heading.default\">\n\t\t\t\t<div class=\"elementor-widget-container\">\n\t\t\t<h3 class=\"elementor-heading-title elementor-size-default\">Apprendre \u00e0 travailler avec le DMPI<\/h3>\t\t<\/div>\n\t\t\t\t<\/div>\n\t\t\t\t<div class=\"elementor-element elementor-element-c551101 elementor-widget elementor-widget-text-editor\" data-id=\"c551101\" data-element_type=\"widget\" data-widget_type=\"text-editor.default\">\n\t\t\t\t<div class=\"elementor-widget-container\">\n\t\t\t\t\t\t\t<p>Actuellement, le R\u00e9seau organise en son si\u00e8ge des apr\u00e8s midi \u00a0\u00bb inclusion en direct \u00a0\u00bb avec les m\u00e9decins int\u00e9ress\u00e9s.<br \/>Ces derniers viennent munis de leurs fiches \u00a0\u00bbObservations papier \u00a0\u00bb remplies et sont aid\u00e9s pour les saisies informatiques par le coordinateur m\u00e9dical et le m\u00e9decin \u00e9pid\u00e9miologiste.<\/p><p>Outre la convivialit\u00e9 des rencontres, cette nouvelle formule pr\u00e9sente l&rsquo;int\u00e9r\u00eat de favoriser une discussion autour du \u00a0\u00bb cas patient \u00ab\u00a0.<\/p><p>A noter que le caract\u00e8re \u00e9volutif de ce DMPI fait que toutes les nouvelles recommandations sont prises en compte. A titre d&rsquo;exemple, les recommandations HAS 2005, sont d&rsquo;ores et d\u00e9j\u00e0 incluses dans le DMPI notamment pour ce qui concerne les crit\u00e8res d&rsquo;inclusion.<\/p>\t\t\t\t\t\t<\/div>\n\t\t\t\t<\/div>\n\t\t\t\t<div class=\"elementor-element elementor-element-a6c18ac elementor-widget elementor-widget-heading\" data-id=\"a6c18ac\" data-element_type=\"widget\" data-widget_type=\"heading.default\">\n\t\t\t\t<div class=\"elementor-widget-container\">\n\t\t\t<h3 class=\"elementor-heading-title elementor-size-default\">R\u00f4le du soignant et place du patient\n\ndans le DMPI<\/h3>\t\t<\/div>\n\t\t\t\t<\/div>\n\t\t\t\t<div class=\"elementor-element elementor-element-a6f6f01 elementor-widget elementor-widget-text-editor\" data-id=\"a6f6f01\" data-element_type=\"widget\" data-widget_type=\"text-editor.default\">\n\t\t\t\t<div class=\"elementor-widget-container\">\n\t\t\t\t\t\t\t<p>Pour assurer la <strong>coordination et la continuit\u00e9 des soins,<\/strong> pour effectuer une <strong>surveillance \u00e9pid\u00e9miologique,<\/strong> le <strong>partage de l\u2019information m\u00e9dicale<\/strong> est devenu une n\u00e9cessit\u00e9 pour les professionnels de sant\u00e9 et correspond \u00e0 une demande des patients. Volontariat et confiance sont \u00e0 la base de la participation du soignant et du patient au DMPI.<\/p>\t\t\t\t\t\t<\/div>\n\t\t\t\t<\/div>\n\t\t<div class=\"elementor-element elementor-element-ff1e5ab e-grid e-con-boxed e-con e-child\" data-id=\"ff1e5ab\" data-element_type=\"container\">\n\t\t\t\t\t<div class=\"e-con-inner\">\n\t\t<div class=\"elementor-element elementor-element-1dcef77 e-flex e-con-boxed e-con e-child\" data-id=\"1dcef77\" data-element_type=\"container\">\n\t\t\t\t\t<div class=\"e-con-inner\">\n\t\t\t\t<div class=\"elementor-element elementor-element-85b1dca elementor-widget elementor-widget-heading\" data-id=\"85b1dca\" data-element_type=\"widget\" data-widget_type=\"heading.default\">\n\t\t\t\t<div class=\"elementor-widget-container\">\n\t\t\t<h3 class=\"elementor-heading-title elementor-size-default\">Patient : le libre choix<\/h3>\t\t<\/div>\n\t\t\t\t<\/div>\n\t\t\t\t<div class=\"elementor-element elementor-element-be0dcdb elementor-widget elementor-widget-text-editor\" data-id=\"be0dcdb\" data-element_type=\"widget\" data-widget_type=\"text-editor.default\">\n\t\t\t\t<div class=\"elementor-widget-container\">\n\t\t\t\t\t\t\t<p>Principaux b\u00e9n\u00e9ficiaires du r\u00e9seau, le patient entretient avec le m\u00e9decin une relation n\u00e9goci\u00e9e dans laquelle l\u2019information du patient est alors un \u00e9l\u00e9ment important de l\u2019approche th\u00e9rapeutique d\u00e9velopp\u00e9e par le r\u00e9seau.<\/p><p>Lors de la consultation, avant d\u2019obtenir l\u2019adh\u00e9sion du patient, son m\u00e9decin traitant et les promoteurs du r\u00e9seau doivent lui faire conna\u00eetre leur appartenance au r\u00e9seau et recueillir son consentement avant toute orientation au sein du r\u00e9seau.<\/p><p>Afin de respecter le principe fondamental de son libre choix, le patient doit \u00eatre inform\u00e9 par tout moyen du fonctionnement du r\u00e9seau et de ses objectifs .<\/p><p>Un document explicatif accompagn\u00e9 d\u2019un formulaire de consentement \u00e0 l\u2019inscription au r\u00e9seau lui est remis par son m\u00e9decin traitant. Il lui est expliqu\u00e9 qu\u2019au moyen de l\u2019infrastructure informatique du r\u00e9seau et du cabinet m\u00e9dical, des donn\u00e9es personnelles du dossier m\u00e9dical pourront \u00eatre communiqu\u00e9es aux professionnels de sant\u00e9 concern\u00e9s et impliqu\u00e9s dans la prise en charge du patient. Il doit \u00eatre inform\u00e9 des modalit\u00e9s de constitution, de mise \u00e0 jour, d\u2019utilisation et de conservation de ses donn\u00e9es m\u00e9dicales.<\/p><p>Le patient va ensuite \u00eatre inform\u00e9 par son m\u00e9decin traitant de ses droits : son droit de propri\u00e9t\u00e9 du dossier, son droit de s\u2019opposer \u00e0 la communication des informations le concernant, son droit d\u2019acc\u00e8s, de modification et de rectification de ses donn\u00e9es conform\u00e9ment \u00e0 loi du 6 janvier 1978.<\/p><p>Le consentement expr\u00e8s du patient doit \u00eatre recueilli, consentement qu&rsquo;il peut retirer \u00e0 tout moment.<\/p><p>Outre le consentement \u00e0 entr\u00e9e dans le r\u00e9seau, le patient doit donner son consentement pour l\u2019utilisation de l\u2019informatisation des donn\u00e9es le concernant.<\/p><p>Lors de la phase de cr\u00e9ation du dossier, une \u00ab cl\u00e9 patient \u00bb confidentielle est attribu\u00e9e au patient, cl\u00e9 d\u2019acc\u00e8s \u00e0 sa fiche qu\u2019il peut transmettre au professionnel de son choix, membre du r\u00e9seau.<\/p>\t\t\t\t\t\t<\/div>\n\t\t\t\t<\/div>\n\t\t\t\t\t<\/div>\n\t\t\t\t<\/div>\n\t\t<div class=\"elementor-element elementor-element-3c86d3b e-flex e-con-boxed e-con e-child\" data-id=\"3c86d3b\" data-element_type=\"container\">\n\t\t\t\t\t<div class=\"e-con-inner\">\n\t\t\t\t<div class=\"elementor-element elementor-element-6bdd163 elementor-widget elementor-widget-heading\" data-id=\"6bdd163\" data-element_type=\"widget\" data-widget_type=\"heading.default\">\n\t\t\t\t<div class=\"elementor-widget-container\">\n\t\t\t<h3 class=\"elementor-heading-title elementor-size-default\">Soignant : l'engagement coop\u00e9ratif<\/h3>\t\t<\/div>\n\t\t\t\t<\/div>\n\t\t\t\t<div class=\"elementor-element elementor-element-90c964d elementor-widget elementor-widget-text-editor\" data-id=\"90c964d\" data-element_type=\"widget\" data-widget_type=\"text-editor.default\">\n\t\t\t\t<div class=\"elementor-widget-container\">\n\t\t\t\t\t\t\t<p>De par son adh\u00e9sion au r\u00e9seau, le soignant accepte les objectifs du r\u00e9seau et affirme sa volont\u00e9 de coop\u00e9rer dans le groupe gr\u00e2ce au partage et l\u2019\u00e9change des donn\u00e9es m\u00e9dicales.<\/p><p>Il s\u2019engage \u00e0 respecter la charte du r\u00e9seau qui indique que les professionnels de sant\u00e9 membres participent \u00e0 la tenue du dossier m\u00e9dical et \u00e0 la circulation de l\u2019information dans le r\u00e9seau. L\u2019engagement du soignant r\u00e9sulte \u00e9galement d\u2019un contrat remis par le r\u00e9seau afin de l\u2019informer des conditions d\u2019utilisation du dossier, des modalit\u00e9s de sa participation et de sa r\u00e9mun\u00e9ration pour l\u2019inclusion de patients. Cet engagement se fait dans le respect du principe d\u2019ind\u00e9pendance.<\/p><p>La question du secret m\u00e9dical, de la confidentialit\u00e9 et de l\u2019int\u00e9grit\u00e9 des informations se pose au soignant lors qu\u2019il proc\u00e8de \u00e0 la saisie du dossier d\u2019adh\u00e9sion du patient puis lors de chaque consultation car il traite des donn\u00e9es nominatives.<\/p><p>Il doit donc prendre toutes le pr\u00e9cautions utiles afin de pr\u00e9server la s\u00e9curit\u00e9 et la confidentialit\u00e9 des informations m\u00e9dicales et notamment d\u2019emp\u00eacher qu\u2019elles ne soient d\u00e9form\u00e9es, endommag\u00e9es ou communiqu\u00e9es \u00e0 des personnes non autoris\u00e9es.<\/p>\t\t\t\t\t\t<\/div>\n\t\t\t\t<\/div>\n\t\t\t\t<div class=\"elementor-element elementor-element-72d12be elementor-widget elementor-widget-image\" data-id=\"72d12be\" data-element_type=\"widget\" data-widget_type=\"image.default\">\n\t\t\t\t<div class=\"elementor-widget-container\">\n\t\t\t\t\t\t\t\t\t\t\t\t\t<img decoding=\"async\" width=\"1500\" height=\"1028\" src=\"https:\/\/htagwada.com\/wp-content\/uploads\/2024\/04\/Brochure-DMP-France-Assos-Sante.jpg\" class=\"attachment-full size-full wp-image-509\" alt=\"\" srcset=\"https:\/\/htagwada.com\/wp-content\/uploads\/2024\/04\/Brochure-DMP-France-Assos-Sante.jpg 1500w, https:\/\/htagwada.com\/wp-content\/uploads\/2024\/04\/Brochure-DMP-France-Assos-Sante-300x206.jpg 300w, https:\/\/htagwada.com\/wp-content\/uploads\/2024\/04\/Brochure-DMP-France-Assos-Sante-1024x702.jpg 1024w, https:\/\/htagwada.com\/wp-content\/uploads\/2024\/04\/Brochure-DMP-France-Assos-Sante-768x526.jpg 768w\" sizes=\"(max-width: 1500px) 100vw, 1500px\" \/>\t\t\t\t\t\t\t\t\t\t\t\t\t<\/div>\n\t\t\t\t<\/div>\n\t\t\t\t\t<\/div>\n\t\t\t\t<\/div>\n\t\t\t\t\t<\/div>\n\t\t\t\t<\/div>\n\t\t\t\t<div class=\"elementor-element elementor-element-17b3757 elementor-widget elementor-widget-text-editor\" data-id=\"17b3757\" data-element_type=\"widget\" data-widget_type=\"text-editor.default\">\n\t\t\t\t<div class=\"elementor-widget-container\">\n\t\t\t\t\t\t\t<p>Actuellement, le R\u00e9seau organise en son si\u00e8ge des apr\u00e8s midi \u00a0\u00bb inclusion en direct \u00a0\u00bb avec les m\u00e9decins int\u00e9ress\u00e9s.<\/p><p><b>&gt; Venez munis de vos fiches \u00a0\u00bbObservations papier \u00a0\u00bb remplies<\/b><br \/><b>&gt; Nous vous aidons pour les saisies informatiques.<\/b><\/p>\t\t\t\t\t\t<\/div>\n\t\t\t\t<\/div>\n\t\t\t\t<div class=\"elementor-element elementor-element-315c375 elementor-widget elementor-widget-heading\" data-id=\"315c375\" data-element_type=\"widget\" data-widget_type=\"heading.default\">\n\t\t\t\t<div class=\"elementor-widget-container\">\n\t\t\t<p class=\"elementor-heading-title elementor-size-default\"><a href=\"http:\/\/htagwada.com\/wp-content\/uploads\/2024\/04\/Liste-medecins-participants-DMPI.pdf\" target=\"_blank\">Liste des m\u00e9decins participants<\/a><\/p>\t\t<\/div>\n\t\t\t\t<\/div>\n\t\t\t\t<div class=\"elementor-element elementor-element-ef05e0f elementor-widget elementor-widget-spacer\" data-id=\"ef05e0f\" data-element_type=\"widget\" data-widget_type=\"spacer.default\">\n\t\t\t\t<div class=\"elementor-widget-container\">\n\t\t\t\t\t<div class=\"elementor-spacer\">\n\t\t\t<div class=\"elementor-spacer-inner\"><\/div>\n\t\t<\/div>\n\t\t\t\t<\/div>\n\t\t\t\t<\/div>\n\t\t\t\t\t<\/div>\n\t\t\t\t<\/div>\n\t\t\t\t<\/div>\n\t\t","protected":false},"excerpt":{"rendered":"<p>Le Dossier M\u00e9dical Partag\u00e9 Informatis\u00e9 Le R\u00e9seau a contribu\u00e9 \u00e0 am\u00e9liorer l&rsquo;information et la communication entre les professionnels de sant\u00e9 [&hellip;]<\/p>\n","protected":false},"author":1,"featured_media":0,"parent":0,"menu_order":0,"comment_status":"closed","ping_status":"closed","template":"","meta":{"site-sidebar-layout":"no-sidebar","site-content-layout":"","ast-site-content-layout":"full-width-container","site-content-style":"default","site-sidebar-style":"default","ast-global-header-display":"","ast-banner-title-visibility":"","ast-main-header-display":"","ast-hfb-above-header-display":"","ast-hfb-below-header-display":"","ast-hfb-mobile-header-display":"","site-post-title":"disabled","ast-breadcrumbs-content":"","ast-featured-img":"disabled","footer-sml-layout":"","theme-transparent-header-meta":"","adv-header-id-meta":"","stick-header-meta":"","header-above-stick-meta":"","header-main-stick-meta":"","header-below-stick-meta":"","astra-migrate-meta-layouts":"default","ast-page-background-enabled":"default","ast-page-background-meta":{"desktop":{"background-color":"var(--ast-global-color-4)","background-image":"","background-repeat":"repeat","background-position":"center center","background-size":"auto","background-attachment":"scroll","background-type":"","background-media":"","overlay-type":"","overlay-color":"","overlay-opacity":"","overlay-gradient":""},"tablet":{"background-color":"","background-image":"","background-repeat":"repeat","background-position":"center center","background-size":"auto","background-attachment":"scroll","background-type":"","background-media":"","overlay-type":"","overlay-color":"","overlay-opacity":"","overlay-gradient":""},"mobile":{"background-color":"","background-image":"","background-repeat":"repeat","background-position":"center center","background-size":"auto","background-attachment":"scroll","background-type":"","background-media":"","overlay-type":"","overlay-color":"","overlay-opacity":"","overlay-gradient":""}},"ast-content-background-meta":{"desktop":{"background-color":"var(--ast-global-color-5)","background-image":"","background-repeat":"repeat","background-position":"center center","background-size":"auto","background-attachment":"scroll","background-type":"","background-media":"","overlay-type":"","overlay-color":"","overlay-opacity":"","overlay-gradient":""},"tablet":{"background-color":"var(--ast-global-color-5)","background-image":"","background-repeat":"repeat","background-position":"center center","background-size":"auto","background-attachment":"scroll","background-type":"","background-media":"","overlay-type":"","overlay-color":"","overlay-opacity":"","overlay-gradient":""},"mobile":{"background-color":"var(--ast-global-color-5)","background-image":"","background-repeat":"repeat","background-position":"center center","background-size":"auto","background-attachment":"scroll","background-type":"","background-media":"","overlay-type":"","overlay-color":"","overlay-opacity":"","overlay-gradient":""}},"footnotes":""},"class_list":["post-190","page","type-page","status-publish","hentry"],"_links":{"self":[{"href":"https:\/\/htagwada.com\/index.php\/wp-json\/wp\/v2\/pages\/190","targetHints":{"allow":["GET"]}}],"collection":[{"href":"https:\/\/htagwada.com\/index.php\/wp-json\/wp\/v2\/pages"}],"about":[{"href":"https:\/\/htagwada.com\/index.php\/wp-json\/wp\/v2\/types\/page"}],"author":[{"embeddable":true,"href":"https:\/\/htagwada.com\/index.php\/wp-json\/wp\/v2\/users\/1"}],"replies":[{"embeddable":true,"href":"https:\/\/htagwada.com\/index.php\/wp-json\/wp\/v2\/comments?post=190"}],"version-history":[{"count":49,"href":"https:\/\/htagwada.com\/index.php\/wp-json\/wp\/v2\/pages\/190\/revisions"}],"predecessor-version":[{"id":541,"href":"https:\/\/htagwada.com\/index.php\/wp-json\/wp\/v2\/pages\/190\/revisions\/541"}],"wp:attachment":[{"href":"https:\/\/htagwada.com\/index.php\/wp-json\/wp\/v2\/media?parent=190"}],"curies":[{"name":"wp","href":"https:\/\/api.w.org\/{rel}","templated":true}]}}